{"id":9231,"date":"2018-07-18T19:23:52","date_gmt":"2018-07-18T19:23:52","guid":{"rendered":"https:\/\/lagh-univ.dz\/technologie-graduation-mot-de-vice-doyen\/"},"modified":"2020-02-10T07:55:21","modified_gmt":"2020-02-10T09:55:21","slug":"technologie-graduation-mot-de-vice-doyen","status":"publish","type":"page","link":"https:\/\/lagh-univ.dz\/fr\/faculte-de-technologie\/technologie-graduation-mot-de-vice-doyen\/","title":{"rendered":"Technologie-Graduation-mot de vice doyen"},"content":{"rendered":"<table style=\"height: 100px;width: 859px;background-color: #f5d678\" width=\"859\">\n<tbody>\n<tr>\n<td style=\"width: 705px\">\n<p dir=\"ltr\" style=\"text-align: left\"><span style=\"font-family: 'Book Antiqua', Palatino;font-size: 14pt;color: #000000\"><span class=\"tlid-translation translation\" lang=\"fr\"><span class=\"\" title=\"\"><span style=\"color: #000000\">Mr: Mohamed LAHDEB, Ma\u00eetre de conf\u00e9rences, \u00a0\u2013 Vice doyen charg\u00e9 des Etudes et des questions li\u00e9es aux \u00e9tudiants<\/span><\/span><\/span><\/span><\/p>\n<p dir=\"ltr\" style=\"text-align: left\"><span style=\"font-family: 'Book Antiqua', Palatino;font-size: 14pt;color: #000000\">Email :m.lahdeb@lagh-univ.dz<\/span><\/p>\n<p dir=\"ltr\" style=\"text-align: left\"><span style=\"font-family: 'Book Antiqua', Palatino;font-size: 14pt;color: #000000\">Tel :\u00a0029521160\u00a0\u00a0\u00a0\u00a0 poste 226<\/span><\/p>\n<p dir=\"ltr\" style=\"text-align: left\"><span style=\"font-family: 'Book Antiqua', Palatino;font-size: 14pt;color: #000000\">Fax: 029521160<\/span><\/p>\n<\/td>\n<td style=\"width: 138px\"><img decoding=\"async\" class=\"alignnone wp-image-20972\" src=\"https:\/\/lagh-univ.dz\/wp-content\/uploads\/2019\/12\/LAHDEB-1-258x300.jpg\" alt=\"\" width=\"147\" height=\"172\" srcset=\"https:\/\/lagh-univ.dz\/wp-content\/uploads\/2019\/12\/LAHDEB-1-258x300.jpg 258w, https:\/\/lagh-univ.dz\/wp-content\/uploads\/2019\/12\/LAHDEB-1.jpg 268w\" sizes=\"(max-width: 147px) 100vw, 147px\" \/><\/td>\n<\/tr>\n<\/tbody>\n<\/table>\n<p dir=\"ltr\">\n<p dir=\"ltr\" style=\"text-align: left\"><span class=\"tlid-translation translation\" lang=\"fr\" style=\"font-family: Book Antiqua, Palatino;font-size: 14pt\"><span style=\"color: #ff0000\" title=\"\">Le mot du vice-doyen<\/span><\/span><\/p>\n<p dir=\"ltr\" style=\"text-align: left\"><span style=\"font-family: Book Antiqua, Palatino;font-size: 14pt;color: #000000\">Le vice-doyen charg\u00e9 des \u00e9tudes et des questions li\u00e9es aux \u00e9tudiants est responsables de la gestion des dossiers\u00a0 des \u00e9tudiants de la facult\u00e9 et assure les t\u00e2ches suivantes:<\/span><br \/>\n<span style=\"font-family: Book Antiqua, Palatino;font-size: 14pt;color: #000000\">\u2013 Gestion et suivi des inscriptions des \u00e9tudiants.<\/span><br \/>\n<span style=\"font-family: Book Antiqua, Palatino;font-size: 14pt;color: #000000\">\u2013 Suivi le d\u00e9roulement des activit\u00e9s p\u00e9dagogiques et propose au doyen de solutions d\u2019am\u00e9lioration.<\/span><br \/>\n<span style=\"font-family: Book Antiqua, Palatino;font-size: 14pt;color: #000000\">&#8211; G\u00e9rer les listes et les statistiques des \u00e9tudiants.<\/span><br \/>\n<span style=\"font-family: Book Antiqua, Palatino;font-size: 14pt;color: #000000\">&#8211; Collecte les informations p\u00e9dagogiques au profit des \u00e9tudiants.<\/span><\/p>\n<p dir=\"ltr\" style=\"text-align: left\"><span style=\"font-family: Book Antiqua, Palatino;font-size: 14pt;color: #000000\">Le vice-doyen charg\u00e9 des \u00e9tudes et des questions li\u00e9es aux \u00e9tudiants est assist\u00e9 par trois\u00a0 services:<\/span><\/p>\n<ul>\n<li style=\"text-align: left\"><span style=\"font-family: Book Antiqua, Palatino;font-size: 14pt;color: #000000\">Service des statistiques.<\/span><\/li>\n<li style=\"text-align: left\"><span style=\"font-family: Book Antiqua, Palatino;font-size: 14pt;color: #000000\">Service des enseignements et dipl\u00f4mes.<\/span><\/li>\n<li style=\"text-align: left\"><span style=\"font-family: Book Antiqua, Palatino;font-size: 14pt;color: #000000\">Service \u00e9ducation et \u00e9valuation<\/span><\/li>\n<\/ul>\n<p dir=\"ltr\" style=\"text-align: left\"><span class=\"tlid-translation translation\" lang=\"fr\" style=\"font-family: Book Antiqua, Palatino;font-size: 14pt\"><span style=\"color: #000000\" title=\"\">\u00a0<\/span><\/span><\/p>\n<p>&nbsp;<\/p>\n<p>&nbsp;<\/p>\n","protected":false},"excerpt":{"rendered":"<p>Mr: Mohamed LAHDEB, Ma\u00eetre de conf\u00e9rences, \u00a0\u2013 Vice doyen charg\u00e9 des Etudes et des questions li\u00e9es aux \u00e9tudiants Email :m.lahdeb@lagh-univ.dz Tel :\u00a0029521160\u00a0\u00a0\u00a0\u00a0 poste 226 Fax: 029521160 Le mot du vice-doyen Le vice-doyen charg\u00e9 des \u00e9tudes et des questions li\u00e9es aux \u00e9tudiants est responsables de la gestion des dossiers\u00a0 des \u00e9tudiants de la facult\u00e9 et assure [&hellip;]<\/p>\n","protected":false},"author":13,"featured_media":0,"parent":6784,"menu_order":0,"comment_status":"closed","ping_status":"closed","template":"elementor_header_footer","meta":{"_exactmetrics_skip_tracking":false,"_exactmetrics_sitenote_active":false,"_exactmetrics_sitenote_note":"","_exactmetrics_sitenote_category":0,"footnotes":""},"coauthors":[533],"class_list":["post-9231","page","type-page","status-publish","hentry"],"_links":{"self":[{"href":"https:\/\/lagh-univ.dz\/fr\/wp-json\/wp\/v2\/pages\/9231","targetHints":{"allow":["GET"]}}],"collection":[{"href":"https:\/\/lagh-univ.dz\/fr\/wp-json\/wp\/v2\/pages"}],"about":[{"href":"https:\/\/lagh-univ.dz\/fr\/wp-json\/wp\/v2\/types\/page"}],"author":[{"embeddable":true,"href":"https:\/\/lagh-univ.dz\/fr\/wp-json\/wp\/v2\/users\/13"}],"replies":[{"embeddable":true,"href":"https:\/\/lagh-univ.dz\/fr\/wp-json\/wp\/v2\/comments?post=9231"}],"version-history":[{"count":12,"href":"https:\/\/lagh-univ.dz\/fr\/wp-json\/wp\/v2\/pages\/9231\/revisions"}],"predecessor-version":[{"id":24655,"href":"https:\/\/lagh-univ.dz\/fr\/wp-json\/wp\/v2\/pages\/9231\/revisions\/24655"}],"up":[{"embeddable":true,"href":"https:\/\/lagh-univ.dz\/fr\/wp-json\/wp\/v2\/pages\/6784"}],"wp:attachment":[{"href":"https:\/\/lagh-univ.dz\/fr\/wp-json\/wp\/v2\/media?parent=9231"}],"wp:term":[{"taxonomy":"author","embeddable":true,"href":"https:\/\/lagh-univ.dz\/fr\/wp-json\/wp\/v2\/coauthors?post=9231"}],"curies":[{"name":"wp","href":"https:\/\/api.w.org\/{rel}","templated":true}]}}

<table style="height: 100px;width: 859px;background-color: #f5d678" width="859">
<tbody>
<tr>
<td style="width: 705px">
<p dir="ltr" style="text-align: left"><span style="font-family: 'Book Antiqua', Palatino;font-size: 14pt;color: #000000"><span class="tlid-translation translation" lang="fr"><span class="" title=""><span style="color: #000000">Mr: Mohamed LAHDEB, Maître de conférences,  – Vice doyen chargé des Etudes et des questions liées aux étudiants</span></span></span></span></p>
<p dir="ltr" style="text-align: left"><span style="font-family: 'Book Antiqua', Palatino;font-size: 14pt;color: #000000">Email :m.lahdeb@lagh-univ.dz</span></p>
<p dir="ltr" style="text-align: left"><span style="font-family: 'Book Antiqua', Palatino;font-size: 14pt;color: #000000">Tel : 029521160     poste 226</span></p>
<p dir="ltr" style="text-align: left"><span style="font-family: 'Book Antiqua', Palatino;font-size: 14pt;color: #000000">Fax: 029521160</span></p>
</td>
<td style="width: 138px"><img decoding="async" class="alignnone wp-image-20972" src="https://lagh-univ.dz/wp-content/uploads/2019/12/LAHDEB-1-258x300.jpg" alt="" width="147" height="172" srcset="https://lagh-univ.dz/wp-content/uploads/2019/12/LAHDEB-1-258x300.jpg 258w, https://lagh-univ.dz/wp-content/uploads/2019/12/LAHDEB-1.jpg 268w" sizes="(max-width: 147px) 100vw, 147px" /></td>
</tr>
</tbody>
</table>
<p dir="ltr">
<p dir="ltr" style="text-align: left"><span class="tlid-translation translation" lang="fr" style="font-family: Book Antiqua, Palatino;font-size: 14pt"><span style="color: #ff0000" title="">Le mot du vice-doyen</span></span></p>
<p dir="ltr" style="text-align: left"><span style="font-family: Book Antiqua, Palatino;font-size: 14pt;color: #000000">Le vice-doyen chargé des études et des questions liées aux étudiants est responsables de la gestion des dossiers  des étudiants de la faculté et assure les tâches suivantes:</span><br />
<span style="font-family: Book Antiqua, Palatino;font-size: 14pt;color: #000000">– Gestion et suivi des inscriptions des étudiants.</span><br />
<span style="font-family: Book Antiqua, Palatino;font-size: 14pt;color: #000000">– Suivi le déroulement des activités pédagogiques et propose au doyen de solutions d’amélioration.</span><br />
<span style="font-family: Book Antiqua, Palatino;font-size: 14pt;color: #000000">&#8211; Gérer les listes et les statistiques des étudiants.</span><br />
<span style="font-family: Book Antiqua, Palatino;font-size: 14pt;color: #000000">&#8211; Collecte les informations pédagogiques au profit des étudiants.</span></p>
<p dir="ltr" style="text-align: left"><span style="font-family: Book Antiqua, Palatino;font-size: 14pt;color: #000000">Le vice-doyen chargé des études et des questions liées aux étudiants est assisté par trois  services:</span></p>
<ul>
<li style="text-align: left"><span style="font-family: Book Antiqua, Palatino;font-size: 14pt;color: #000000">Service des statistiques.</span></li>
<li style="text-align: left"><span style="font-family: Book Antiqua, Palatino;font-size: 14pt;color: #000000">Service des enseignements et diplômes.</span></li>
<li style="text-align: left"><span style="font-family: Book Antiqua, Palatino;font-size: 14pt;color: #000000">Service éducation et évaluation</span></li>
</ul>
<p dir="ltr" style="text-align: left"><span class="tlid-translation translation" lang="fr" style="font-family: Book Antiqua, Palatino;font-size: 14pt"><span style="color: #000000" title=""> </span></span></p>
<p>&nbsp;</p>
<p>&nbsp;</p>

<p>Mr: Mohamed LAHDEB, Maître de conférences,  – Vice doyen chargé des Etudes et des questions liées aux étudiants Email :m.lahdeb@lagh-univ.dz Tel : 029521160     poste 226 Fax: 029521160 Le mot du vice-doyen Le vice-doyen chargé des études et des questions liées aux étudiants est responsables de la gestion des dossiers  des étudiants de la faculté et assure [&hellip;]</p>
